{"id":1857,"date":"2024-03-18T00:16:40","date_gmt":"2024-03-17T23:16:40","guid":{"rendered":"https:\/\/ceo-france.fr\/?page_id=1857"},"modified":"2024-03-18T10:11:36","modified_gmt":"2024-03-18T09:11:36","slug":"glossaire","status":"publish","type":"page","link":"https:\/\/ceo-france.fr\/?page_id=1857","title":{"rendered":"GLOSSAIRE1"},"content":{"rendered":"\t\t<div data-elementor-type=\"wp-page\" data-elementor-id=\"1857\" class=\"elementor elementor-1857\" data-elementor-post-type=\"page\">\n\t\t\t\t\t\t<section class=\"elementor-section elementor-top-section elementor-element elementor-element-d88f2fb elementor-section-boxed elementor-section-height-default elementor-section-height-default\" data-id=\"d88f2fb\" data-element_type=\"section\" data-e-type=\"section\">\n\t\t\t\t\t\t<div class=\"elementor-container elementor-column-gap-default\">\n\t\t\t\t\t<div class=\"elementor-column elementor-col-100 elementor-top-column elementor-element elementor-element-20bb348\" data-id=\"20bb348\" data-element_type=\"column\" data-e-type=\"column\">\n\t\t\t<div class=\"elementor-widget-wrap elementor-element-populated\">\n\t\t\t\t\t\t<div class=\"elementor-element elementor-element-2bdd703 elementor-widget elementor-widget-heading\" data-id=\"2bdd703\" data-element_type=\"widget\" data-e-type=\"widget\" data-widget_type=\"heading.default\">\n\t\t\t\t<div class=\"elementor-widget-container\">\n\t\t\t\t\t<h1 class=\"elementor-heading-title elementor-size-large\">GLOSSAIRE<br><\/h1>\t\t\t\t<\/div>\n\t\t\t\t<\/div>\n\t\t\t\t\t<\/div>\n\t\t<\/div>\n\t\t\t\t\t<\/div>\n\t\t<\/section>\n\t\t\t\t<section class=\"elementor-section elementor-top-section elementor-element elementor-element-b614134 elementor-section-boxed elementor-section-height-default elementor-section-height-default\" data-id=\"b614134\" data-element_type=\"section\" data-e-type=\"section\">\n\t\t\t\t\t\t<div class=\"elementor-container elementor-column-gap-default\">\n\t\t\t\t\t<div class=\"elementor-column elementor-col-100 elementor-top-column elementor-element elementor-element-4321f27\" data-id=\"4321f27\" data-element_type=\"column\" data-e-type=\"column\" data-settings=\"{&quot;background_background&quot;:&quot;classic&quot;}\">\n\t\t\t<div class=\"elementor-widget-wrap elementor-element-populated\">\n\t\t\t\t\t\t<section class=\"elementor-section elementor-inner-section elementor-element elementor-element-62e5d50 elementor-section-boxed elementor-section-height-default elementor-section-height-default\" data-id=\"62e5d50\" data-element_type=\"section\" data-e-type=\"section\" id=\"antonio-ribera-jorda\">\n\t\t\t\t\t\t<div class=\"elementor-container elementor-column-gap-default\">\n\t\t\t\t\t<div class=\"elementor-column elementor-col-50 elementor-inner-column elementor-element elementor-element-0b9ff50\" data-id=\"0b9ff50\" data-element_type=\"column\" data-e-type=\"column\">\n\t\t\t<div class=\"elementor-widget-wrap elementor-element-populated\">\n\t\t\t\t\t\t<div class=\"elementor-element elementor-element-d884e23 elementor-widget elementor-widget-text-editor\" data-id=\"d884e23\" data-element_type=\"widget\" data-e-type=\"widget\" data-widget_type=\"text-editor.default\">\n\t\t\t\t<div class=\"elementor-widget-container\">\n\t\t\t\t\t\t\t\t\t<p><strong>Antonio RIBERA i JORDA <\/strong>(1920-2001) \u00e9crivain et ufologue espagnol consid\u00e9r\u00e9 \u00e0 partir de 1969 comme l\u2019un des principaux sp\u00e9cialistes de l\u2019affaire ummo. Il fut en 1979 le premier sp\u00e9cialiste ufologue \u00e0 venir s&#8217;exprimer devant la <em>Chambre des Lords<\/em> \u00e0 Londres, afin d&#8217;\u00e9voquer la question des ovnis.<\/p><p>\u00a0<\/p>\t\t\t\t\t\t\t\t<\/div>\n\t\t\t\t<\/div>\n\t\t\t\t\t<\/div>\n\t\t<\/div>\n\t\t\t\t<div class=\"elementor-column elementor-col-50 elementor-inner-column elementor-element elementor-element-ac34b19\" data-id=\"ac34b19\" data-element_type=\"column\" data-e-type=\"column\">\n\t\t\t<div class=\"elementor-widget-wrap\">\n\t\t\t\t\t\t\t<\/div>\n\t\t<\/div>\n\t\t\t\t\t<\/div>\n\t\t<\/section>\n\t\t\t\t<section class=\"elementor-section elementor-inner-section elementor-element elementor-element-f745921 elementor-section-boxed elementor-section-height-default elementor-section-height-default\" data-id=\"f745921\" data-element_type=\"section\" data-e-type=\"section\" id=\"claude-poher\">\n\t\t\t\t\t\t<div class=\"elementor-container elementor-column-gap-default\">\n\t\t\t\t\t<div class=\"elementor-column elementor-col-50 elementor-inner-column elementor-element elementor-element-22e51b2\" data-id=\"22e51b2\" data-element_type=\"column\" data-e-type=\"column\">\n\t\t\t<div class=\"elementor-widget-wrap elementor-element-populated\">\n\t\t\t\t\t\t<div class=\"elementor-element elementor-element-f33a58e elementor-widget elementor-widget-text-editor\" data-id=\"f33a58e\" data-element_type=\"widget\" data-e-type=\"widget\" data-widget_type=\"text-editor.default\">\n\t\t\t\t<div class=\"elementor-widget-container\">\n\t\t\t\t\t\t\t\t\t<p><strong>Claude Poher<\/strong> (n\u00e9 en 1936) est un ing\u00e9nieur en recherche spatiale et en \u00e9lectronique et disposant d&#8217;un doctorat d&#8217;astrophysique. Il est principalement connu pour son implication dans la cr\u00e9ation au sein du CNES du Groupe d&#8217;\u00e9tudes des ph\u00e9nom\u00e8nes A\u00e9rospatiaux non identifi\u00e9s (GEPAN), la premi\u00e8re structure officielle cr\u00e9\u00e9e en France d\u00e8s 1977 charg\u00e9e de l&#8217;\u00e9tude du ph\u00e9nom\u00e8ne OVNI. Son int\u00e9r\u00eat pour le ph\u00e9nom\u00e8ne OVNI l\u2019a amen\u00e9 \u00e0 publier de nombreux travaux et notamment \u00e0 enqu\u00eater sur l\u2019affaire ummo. Il est aussi l&#8217;auteur de ce qu&#8217;il nomme \u00ab th\u00e9orie des universons \u00bb et qualifie de nouvelle th\u00e9orie de la gravitation, susceptible de permettre des voyages interstellaires.<\/p>\t\t\t\t\t\t\t\t<\/div>\n\t\t\t\t<\/div>\n\t\t\t\t\t<\/div>\n\t\t<\/div>\n\t\t\t\t<div class=\"elementor-column elementor-col-50 elementor-inner-column elementor-element elementor-element-64a75f6\" data-id=\"64a75f6\" data-element_type=\"column\" data-e-type=\"column\">\n\t\t\t<div class=\"elementor-widget-wrap\">\n\t\t\t\t\t\t\t<\/div>\n\t\t<\/div>\n\t\t\t\t\t<\/div>\n\t\t<\/section>\n\t\t\t\t<section class=\"elementor-section elementor-inner-section elementor-element elementor-element-3975f5b elementor-section-boxed elementor-section-height-default elementor-section-height-default\" data-id=\"3975f5b\" data-element_type=\"section\" data-e-type=\"section\" id=\"fernando-sesma-manzano\">\n\t\t\t\t\t\t<div class=\"elementor-container elementor-column-gap-default\">\n\t\t\t\t\t<div class=\"elementor-column elementor-col-50 elementor-inner-column elementor-element elementor-element-7bad4c1\" data-id=\"7bad4c1\" data-element_type=\"column\" data-e-type=\"column\">\n\t\t\t<div class=\"elementor-widget-wrap elementor-element-populated\">\n\t\t\t\t\t\t<div class=\"elementor-element elementor-element-d82e18d elementor-widget elementor-widget-text-editor\" data-id=\"d82e18d\" data-element_type=\"widget\" data-e-type=\"widget\" data-widget_type=\"text-editor.default\">\n\t\t\t\t<div class=\"elementor-widget-container\">\n\t\t\t\t\t\t\t\t\t<p><strong>Fernando SESMA MANZANO<\/strong> (1908-1982) est un madril\u00e8ne employ\u00e9 du T\u00e9l\u00e9graphe Espagnol connu comme \u00e9sot\u00e9riste. Il est notamment le fondateur en 1954 de l\u2019association \u00ab\u00a0<em>Sociedad de Amigos de los Visitantes del Espacio<\/em>\u00a0\u00bb. Il a pr\u00e9tendu \u00eatre d\u00e8s 1960 en contact t\u00e9l\u00e9pathique avec diff\u00e9rentes ethnies extraterrestres. Il r\u00e9v\u00e8le en 1965 recevoir depuis 3 ans des courriers ummites et publie un livre sur le sujet: \u00ab\u00a0<em>Yo, confidente de los hombres del espacio<\/em>\u00a0\u00bb. Il a aussi pr\u00e9dit l\u2019aterrissage d\u2019Aluche en f\u00e9vrier 1966 dans la banlieue de Madrid devant plusieurs t\u00e9moins, o\u00f9 des empreintes ont \u00e9t\u00e9 laiss\u00e9es au sol. Sesma soutiendra l\u2019affaire Ummo jusqu\u2019\u00e0 sa disparition en 1982.<\/p>\t\t\t\t\t\t\t\t<\/div>\n\t\t\t\t<\/div>\n\t\t\t\t\t<\/div>\n\t\t<\/div>\n\t\t\t\t<div class=\"elementor-column elementor-col-50 elementor-inner-column elementor-element elementor-element-dd798e0\" data-id=\"dd798e0\" data-element_type=\"column\" data-e-type=\"column\">\n\t\t\t<div class=\"elementor-widget-wrap\">\n\t\t\t\t\t\t\t<\/div>\n\t\t<\/div>\n\t\t\t\t\t<\/div>\n\t\t<\/section>\n\t\t\t\t<section class=\"elementor-section elementor-inner-section elementor-element elementor-element-4767d38 elementor-section-boxed elementor-section-height-default elementor-section-height-default\" data-id=\"4767d38\" data-element_type=\"section\" data-e-type=\"section\" id=\"jean-pierre-petit\">\n\t\t\t\t\t\t<div class=\"elementor-container elementor-column-gap-default\">\n\t\t\t\t\t<div class=\"elementor-column elementor-col-50 elementor-inner-column elementor-element elementor-element-f21ad54\" data-id=\"f21ad54\" data-element_type=\"column\" data-e-type=\"column\">\n\t\t\t<div class=\"elementor-widget-wrap elementor-element-populated\">\n\t\t\t\t\t\t<div class=\"elementor-element elementor-element-ea058ee elementor-widget elementor-widget-text-editor\" data-id=\"ea058ee\" data-element_type=\"widget\" data-e-type=\"widget\" data-widget_type=\"text-editor.default\">\n\t\t\t\t<div class=\"elementor-widget-container\">\n\t\t\t\t\t\t\t\t\t<p><strong>Jean-Pierre PETIT<\/strong> n\u00e9 \u00e0 Choisy-le-Roi en 1937 est un physicien et vulgarisateur scientifique fran\u00e7ais. Sp\u00e9cialiste en magn\u00e9tohydrodynamique et en cosmologie notamment, il s\u2019int\u00e9resse aux OVNI et publie \u00e0 partir des ann\u00e9es 1990 plusieurs livres dans le domaine de l\u2019ufologie. Soutenant l\u2019hypoth\u00e8se extraterrestre il enqu\u00eate sur l\u2019affaire ummo dont certains courriers lui serviront dans ses recherches en cosmologie (univers jumaux).<\/p>\t\t\t\t\t\t\t\t<\/div>\n\t\t\t\t<\/div>\n\t\t\t\t\t<\/div>\n\t\t<\/div>\n\t\t\t\t<div class=\"elementor-column elementor-col-50 elementor-inner-column elementor-element elementor-element-53615f4\" data-id=\"53615f4\" data-element_type=\"column\" data-e-type=\"column\">\n\t\t\t<div class=\"elementor-widget-wrap\">\n\t\t\t\t\t\t\t<\/div>\n\t\t<\/div>\n\t\t\t\t\t<\/div>\n\t\t<\/section>\n\t\t\t\t<section class=\"elementor-section elementor-inner-section elementor-element elementor-element-47a87d1 elementor-section-boxed elementor-section-height-default elementor-section-height-default\" data-id=\"47a87d1\" data-element_type=\"section\" data-e-type=\"section\" id=\"jimmy-guieu\">\n\t\t\t\t\t\t<div class=\"elementor-container elementor-column-gap-default\">\n\t\t\t\t\t<div class=\"elementor-column elementor-col-50 elementor-inner-column elementor-element elementor-element-0100be2\" data-id=\"0100be2\" data-element_type=\"column\" data-e-type=\"column\">\n\t\t\t<div class=\"elementor-widget-wrap elementor-element-populated\">\n\t\t\t\t\t\t<div class=\"elementor-element elementor-element-8ce0012 elementor-widget elementor-widget-text-editor\" data-id=\"8ce0012\" data-element_type=\"widget\" data-e-type=\"widget\" data-widget_type=\"text-editor.default\">\n\t\t\t\t<div class=\"elementor-widget-container\">\n\t\t\t\t\t\t\t\t\t<p><strong>Jimmy GUIEU<\/strong> (1926-2000) de son vrai nom Henri-Ren\u00e9 GUIEU est un \u00e9crivain, ufologue, vid\u00e9aste et homme de radio fran\u00e7ais. Il fut dans les ann\u00e9es 1950 avec Aim\u00e9 MICHEL un des pionniers de l\u2019ufologie fran\u00e7aise. Il a \u00e9t\u00e9 un des membres de la premi\u00e8re heure de la Commission Ouranos fond\u00e9e en 1951 par Marc THIROUIN. Membre \u00e9minent de la communaut\u00e9 ufologique, il s\u2019est distingu\u00e9 par ses nombreuses activit\u00e9s m\u00e9diatiques autant radiophoniques que t\u00e9l\u00e9visuelles. Il a longtemps \u00e9t\u00e9 consultant appr\u00e9ci\u00e9 du CEOF et ami de ses fondateurs jusqu\u2019\u00e0 sa disparition en 2000.<\/p>\t\t\t\t\t\t\t\t<\/div>\n\t\t\t\t<\/div>\n\t\t\t\t\t<\/div>\n\t\t<\/div>\n\t\t\t\t<div class=\"elementor-column elementor-col-50 elementor-inner-column elementor-element elementor-element-3a6ad8b\" data-id=\"3a6ad8b\" data-element_type=\"column\" data-e-type=\"column\">\n\t\t\t<div class=\"elementor-widget-wrap\">\n\t\t\t\t\t\t\t<\/div>\n\t\t<\/div>\n\t\t\t\t\t<\/div>\n\t\t<\/section>\n\t\t\t\t<section class=\"elementor-section elementor-inner-section elementor-element elementor-element-f8dbef1 elementor-section-boxed elementor-section-height-default elementor-section-height-default\" data-id=\"f8dbef1\" data-element_type=\"section\" data-e-type=\"section\" id=\"jose-luis-jordan-pena\">\n\t\t\t\t\t\t<div class=\"elementor-container elementor-column-gap-default\">\n\t\t\t\t\t<div class=\"elementor-column elementor-col-50 elementor-inner-column elementor-element elementor-element-67e91b3\" data-id=\"67e91b3\" data-element_type=\"column\" data-e-type=\"column\">\n\t\t\t<div class=\"elementor-widget-wrap elementor-element-populated\">\n\t\t\t\t\t\t<div class=\"elementor-element elementor-element-f1be25e elementor-widget elementor-widget-text-editor\" data-id=\"f1be25e\" data-element_type=\"widget\" data-e-type=\"widget\" data-widget_type=\"text-editor.default\">\n\t\t\t\t<div class=\"elementor-widget-container\">\n\t\t\t\t\t\t\t\t\t<p><strong>Jos\u00e9 Luis Jord\u00e1n Pe\u00f1a<\/strong> (1931-2014) Ing\u00e9nieur espagnol passionn\u00e9 sceptique de paranormal, professeur de physique et de math\u00e9matiques. Il rejoint <em>Sesma<\/em> en 1966 dans les r\u00e9unions de la Baleine Joyeuse. Cr\u00e9ateur en 1970 de l\u2019association <em>Eridani AEC<\/em> pour \u00e9tudier le cas ummo, il pr\u00e9tend par la suite \u00eatre \u00e0 l\u2019origine des \u00e9v\u00e8nements d\u2019<em>Aluche<\/em> (1966) et de <em>San Jos\u00e9 de Valderas<\/em> (1967).<br \/>En 1993 Pe\u00f1a publie une lettre o\u00f9 il avoue sans aucune explication \u00eatre \u00e0 l\u2019origine de certains courriers.<br \/>Cette confession tardive n&#8217;a cependant pas convaincu tout le monde, d&#8217;autant plus que M. Pe\u00f1a a ensuite avou\u00e9 que ces aveux avaient \u00e9t\u00e9 demand\u00e9s par les Ummites, pour d\u00e9sinformer, la popularit\u00e9 de l&#8217;affaire commen\u00e7ant \u00e0 &#8220;compromettre leurs activit\u00e9s de surveillance&#8221;. En 2010, dans une lettre \u00e0 Ignacio Darna\u00fade, il met en avant cette fois l&#8217;intervention de deux agents de la CIA pour qui il aurait travaill\u00e9 avant son AVC.<br \/>Pour certains les aveux de <em>Jos\u00e9<\/em><em> Luis Jord\u00e1n Pe\u00f1a<\/em> seraient faux, en raison de l&#8217;\u00e9tat de sant\u00e9 de ce dernier qui ne s&#8217;\u00e9tait jamais remis d&#8217;une grave attaque c\u00e9r\u00e9brale dont il avait \u00e9t\u00e9 victime en 1988, l&#8217;ayant laiss\u00e9 aphasique pendant 18 mois (\u00e0 Madrid, en 2005, Pe\u00f1a \u00e0 cause d\u2019une h\u00e9mipl\u00e9gie partielle continue de s&#8217;exprimer et de se d\u00e9placer avec beaucoup de difficult\u00e9s).<\/p>\t\t\t\t\t\t\t\t<\/div>\n\t\t\t\t<\/div>\n\t\t\t\t\t<\/div>\n\t\t<\/div>\n\t\t\t\t<div class=\"elementor-column elementor-col-50 elementor-inner-column elementor-element elementor-element-9ffa08a\" data-id=\"9ffa08a\" data-element_type=\"column\" data-e-type=\"column\">\n\t\t\t<div class=\"elementor-widget-wrap\">\n\t\t\t\t\t\t\t<\/div>\n\t\t<\/div>\n\t\t\t\t\t<\/div>\n\t\t<\/section>\n\t\t\t\t<section class=\"elementor-section elementor-inner-section elementor-element elementor-element-345b969 elementor-section-boxed elementor-section-height-default elementor-section-height-default\" data-id=\"345b969\" data-element_type=\"section\" data-e-type=\"section\" id=\"la-baleine-joyeuse\">\n\t\t\t\t\t\t<div class=\"elementor-container elementor-column-gap-default\">\n\t\t\t\t\t<div class=\"elementor-column elementor-col-50 elementor-inner-column elementor-element elementor-element-cb8dce8\" data-id=\"cb8dce8\" data-element_type=\"column\" data-e-type=\"column\">\n\t\t\t<div class=\"elementor-widget-wrap elementor-element-populated\">\n\t\t\t\t\t\t<div class=\"elementor-element elementor-element-31ca605 elementor-widget elementor-widget-text-editor\" data-id=\"31ca605\" data-element_type=\"widget\" data-e-type=\"widget\" data-widget_type=\"text-editor.default\">\n\t\t\t\t<div class=\"elementor-widget-container\">\n\t\t\t\t\t\t\t\t\t<p><strong>La Baleine Joyeuse<\/strong> (La Ballena Alegre), \u00e9tait le nom donn\u00e9 au sous-sol du Caf\u00e9 Lion, au n\u00b059 de la rue d&#8217;Alcal\u00e1 \u00e0 Madrid. L&#8217;embl\u00e9matique baleine est toujours en place aux murs du sous-sol de l&#8217;actuel pub James Joyce. C\u2019est dans ce lieu que se tenaient les r\u00e9unions du <em>Groupe de Madrid<\/em> anim\u00e9es par <em>Jos\u00e9<\/em><em> Luis Jord\u00e1n Pe\u00f1a.<\/em><\/p>\t\t\t\t\t\t\t\t<\/div>\n\t\t\t\t<\/div>\n\t\t\t\t\t<\/div>\n\t\t<\/div>\n\t\t\t\t<div class=\"elementor-column elementor-col-50 elementor-inner-column elementor-element elementor-element-52b5aec\" data-id=\"52b5aec\" data-element_type=\"column\" data-e-type=\"column\">\n\t\t\t<div class=\"elementor-widget-wrap\">\n\t\t\t\t\t\t\t<\/div>\n\t\t<\/div>\n\t\t\t\t\t<\/div>\n\t\t<\/section>\n\t\t\t\t<section class=\"elementor-section elementor-inner-section elementor-element elementor-element-8224da6 elementor-section-boxed elementor-section-height-default elementor-section-height-default\" data-id=\"8224da6\" data-element_type=\"section\" data-e-type=\"section\" id=\"rene-fouere\">\n\t\t\t\t\t\t<div class=\"elementor-container elementor-column-gap-default\">\n\t\t\t\t\t<div class=\"elementor-column elementor-col-50 elementor-inner-column elementor-element elementor-element-fe85af6\" data-id=\"fe85af6\" data-element_type=\"column\" data-e-type=\"column\">\n\t\t\t<div class=\"elementor-widget-wrap elementor-element-populated\">\n\t\t\t\t\t\t<div class=\"elementor-element elementor-element-a4542d1 elementor-widget elementor-widget-text-editor\" data-id=\"a4542d1\" data-element_type=\"widget\" data-e-type=\"widget\" data-widget_type=\"text-editor.default\">\n\t\t\t\t<div class=\"elementor-widget-container\">\n\t\t\t\t\t\t\t\t\t<p><strong>Ren\u00e9 FOUERE<\/strong> (1904-1990) qui dirigea la revue <em>Ph\u00e9nom\u00e8nes spatiaux<\/em> (1963-1977) fut avec son \u00e9pouse Fran\u00e7ine (1927-2018) un des fondateurs du GEPA (Groupe d&#8217;Etude des Ph\u00e9nom\u00e8nes A\u00e9riens) en 1962. Ce fut la premi\u00e8re grande association ufologique \u00e0 pr\u00e9tention scientifique et s\u00e9rieuse en France, pr\u00e9sid\u00e9e au d\u00e9but par le g\u00e9n\u00e9ral Lionel-Max CHASSIN. En raison du s\u00e9rieux de sa d\u00e9marche, l&#8217;association obtint la collaboration de scientifiques et de chercheurs comme Claude POHER (du CNES) ou Jean-Pierre PETIT (du CNRS) ou encore de membres comme Aim\u00e9 MICHEL. Le GEPA cessa ses activit\u00e9s \u00e0 la suite de la cr\u00e9ation du GEPAN par le CNES en 1977.<\/p>\t\t\t\t\t\t\t\t<\/div>\n\t\t\t\t<\/div>\n\t\t\t\t\t<\/div>\n\t\t<\/div>\n\t\t\t\t<div class=\"elementor-column elementor-col-50 elementor-inner-column elementor-element elementor-element-fe98bdb\" data-id=\"fe98bdb\" data-element_type=\"column\" data-e-type=\"column\">\n\t\t\t<div class=\"elementor-widget-wrap\">\n\t\t\t\t\t\t\t<\/div>\n\t\t<\/div>\n\t\t\t\t\t<\/div>\n\t\t<\/section>\n\t\t\t\t<section class=\"elementor-section elementor-inner-section elementor-element elementor-element-42ea0c9 elementor-section-boxed elementor-section-height-default elementor-section-height-default\" data-id=\"42ea0c9\" data-element_type=\"section\" data-e-type=\"section\" id=\"rene-voarino\">\n\t\t\t\t\t\t<div class=\"elementor-container elementor-column-gap-default\">\n\t\t\t\t\t<div class=\"elementor-column elementor-col-50 elementor-inner-column elementor-element elementor-element-b5746fb\" data-id=\"b5746fb\" data-element_type=\"column\" data-e-type=\"column\">\n\t\t\t<div class=\"elementor-widget-wrap elementor-element-populated\">\n\t\t\t\t\t\t<div class=\"elementor-element elementor-element-979ce2b elementor-widget elementor-widget-text-editor\" data-id=\"979ce2b\" data-element_type=\"widget\" data-e-type=\"widget\" data-widget_type=\"text-editor.default\">\n\t\t\t\t<div class=\"elementor-widget-container\">\n\t\t\t\t\t\t\t\t\t<p><strong>Ren\u00e9 VOARINO<\/strong> Cofondateur avec George SERINI et ancien pr\u00e9sident du CEOF \u00e9tudie depuis plus de 30 ans l\u2019affaire UMMO, principalement la partie fran\u00e7aise. Infatigable et exemplaire chercheur, il a men\u00e9 avec s\u00e9rieux de nombreuses enqu\u00eates de terrain avec ses \u00e9quipes. notamment au Plateau de Valensole ainsi qu\u2019au Plateau d\u2019Albion. Il est encore aujourd\u2019hui consultant et membre d\u2019honneur du CEOF<\/p>\t\t\t\t\t\t\t\t<\/div>\n\t\t\t\t<\/div>\n\t\t\t\t\t<\/div>\n\t\t<\/div>\n\t\t\t\t<div class=\"elementor-column elementor-col-50 elementor-inner-column elementor-element elementor-element-50e19a4\" data-id=\"50e19a4\" data-element_type=\"column\" data-e-type=\"column\">\n\t\t\t<div class=\"elementor-widget-wrap\">\n\t\t\t\t\t\t\t<\/div>\n\t\t<\/div>\n\t\t\t\t\t<\/div>\n\t\t<\/section>\n\t\t\t\t<section class=\"elementor-section elementor-inner-section elementor-element elementor-element-9a42cc9 elementor-section-boxed elementor-section-height-default elementor-section-height-default\" data-id=\"9a42cc9\" data-element_type=\"section\" data-e-type=\"section\" id=\"wolf-424\">\n\t\t\t\t\t\t<div class=\"elementor-container elementor-column-gap-default\">\n\t\t\t\t\t<div class=\"elementor-column elementor-col-50 elementor-inner-column elementor-element elementor-element-1299c15\" data-id=\"1299c15\" data-element_type=\"column\" data-e-type=\"column\">\n\t\t\t<div class=\"elementor-widget-wrap elementor-element-populated\">\n\t\t\t\t\t\t<div class=\"elementor-element elementor-element-7545b78 elementor-widget elementor-widget-text-editor\" data-id=\"7545b78\" data-element_type=\"widget\" data-e-type=\"widget\" data-widget_type=\"text-editor.default\">\n\t\t\t\t<div class=\"elementor-widget-container\">\n\t\t\t\t\t\t\t\t\t<p><strong>WOLF 424 <\/strong>est un syst\u00e8me binaire (une \u00e9toile double) compos\u00e9e de deux naines rouges\u00a0: Wolf 424A et Wolf 424B dans la constellation de la vierge. Ces deux \u00e9toiles tr\u00e8s peu brillantes ne sont pas visibles \u00e0 l\u2019\u0153il nu et sont distantes de plus de 14 ann\u00e9es-lumi\u00e8re de la Terre.<\/p>\t\t\t\t\t\t\t\t<\/div>\n\t\t\t\t<\/div>\n\t\t\t\t\t<\/div>\n\t\t<\/div>\n\t\t\t\t<div class=\"elementor-column elementor-col-50 elementor-inner-column elementor-element elementor-element-176477f\" data-id=\"176477f\" data-element_type=\"column\" data-e-type=\"column\">\n\t\t\t<div class=\"elementor-widget-wrap\">\n\t\t\t\t\t\t\t<\/div>\n\t\t<\/div>\n\t\t\t\t\t<\/div>\n\t\t<\/section>\n\t\t\t\t\t<\/div>\n\t\t<\/div>\n\t\t\t\t\t<\/div>\n\t\t<\/section>\n\t\t\t\t<\/div>\n\t\t","protected":false},"excerpt":{"rendered":"<p>GLOSSAIRE Antonio RIBERA i JORDA (1920-2001) \u00e9crivain et ufologue espagnol consid\u00e9r\u00e9 \u00e0 partir de 1969 comme l\u2019un des principaux sp\u00e9cialistes de l\u2019affaire ummo. Il fut en 1979 le premier sp\u00e9cialiste [&hellip;]<\/p>\n","protected":false},"author":1,"featured_media":0,"parent":0,"menu_order":0,"comment_status":"closed","ping_status":"closed","template":"","meta":{"footnotes":""},"folder":[28],"class_list":["post-1857","page","type-page","status-publish","hentry"],"_links":{"self":[{"href":"https:\/\/ceo-france.fr\/index.php?rest_route=\/wp\/v2\/pages\/1857","targetHints":{"allow":["GET"]}}],"collection":[{"href":"https:\/\/ceo-france.fr\/index.php?rest_route=\/wp\/v2\/pages"}],"about":[{"href":"https:\/\/ceo-france.fr\/index.php?rest_route=\/wp\/v2\/types\/page"}],"author":[{"embeddable":true,"href":"https:\/\/ceo-france.fr\/index.php?rest_route=\/wp\/v2\/users\/1"}],"replies":[{"embeddable":true,"href":"https:\/\/ceo-france.fr\/index.php?rest_route=%2Fwp%2Fv2%2Fcomments&post=1857"}],"version-history":[{"count":39,"href":"https:\/\/ceo-france.fr\/index.php?rest_route=\/wp\/v2\/pages\/1857\/revisions"}],"predecessor-version":[{"id":1897,"href":"https:\/\/ceo-france.fr\/index.php?rest_route=\/wp\/v2\/pages\/1857\/revisions\/1897"}],"wp:attachment":[{"href":"https:\/\/ceo-france.fr\/index.php?rest_route=%2Fwp%2Fv2%2Fmedia&parent=1857"}],"wp:term":[{"taxonomy":"folder","embeddable":true,"href":"https:\/\/ceo-france.fr\/index.php?rest_route=%2Fwp%2Fv2%2Ffolder&post=1857"}],"curies":[{"name":"wp","href":"https:\/\/api.w.org\/{rel}","templated":true}]}}